factors of 625343?
625343
List the prime factors of 545276.
2, 136319
List the prime factors of 19042708.
2, 47, 199, 509
What are the prime factors of 7254625?
5, 7, 8291
List the prime factors of 1156407.
3, 7, 53, 1039
List the prime factors of 11961.
3, 443
What are the prime factors of 1527326?
2, 763663
What are the prime factors of 967075?
5, 101, 383
List the prime factors of 367287.
3, 23, 5323
List the prime factors of 1865229.
3, 53, 11731
What are the prime factors of 176719?
19, 71, 131
List the prime factors of 1580471.
29, 54499
What are the prime factors of 50437?
31, 1627
List the prime factors of 714557.
714557
List the prime factors of 17515526.
2, 7, 1251109
List the prime factors of 47726.
2, 7, 487
What are the prime factors of 169165?
5, 23, 1471
What are the prime factors of 1118674?
2, 23, 83, 293
List the prime factors of 30935497.
30935497
What are the prime factors of 23196?
2, 3, 1933
What are the prime factors of 263184?
2, 3, 5483
What are the prime factors of 131897?
41, 3217
List the prime factors of 2019210.
2, 3, 5, 67307
What are the prime factors of 7141651?
11, 389, 1669
What are the prime factors of 22110022?
2, 11, 47, 21383
What are the prime factors of 2414076?
2, 3, 7, 29, 991
List the prime factors of 190249.
190249
List the prime factors of 5314437.
3, 196831
What are the prime factors of 35327184?
2, 3, 735983
What are the prime factors of 1936499?
19, 101921
What are the prime factors of 1692480?
2, 3, 5, 41, 43
List the prime factors of 1179160.
2, 5, 41, 719
List the prime factors of 24272382.
2, 3, 43, 94079
What are the prime factors of 330864?
2, 3, 61, 113
List the prime factors of 9426197.
11, 856927
List the prime factors of 24173663.
937, 25799
List the prime factors of 34305015.
3, 5, 149, 15349
What are the prime factors of 62669?
29, 2161
What are the prime factors of 89722?
2, 113, 397
List the prime factors of 22584456.
2, 3, 181, 1733
What are the prime factors of 17712741?
3, 5904247
What are the prime factors of 342041?
7, 131, 373
List the prime factors of 34141435.
5, 199, 34313
List the prime factors of 390992.
2, 7, 3491
What are the prime factors of 3218444?
2, 804611
List the prime factors of 157488.
2, 3, 17, 193
What are the prime factors of 1394911?
7, 101, 1973
What are the prime factors of 9753610?
2, 5, 23, 42407
List the prime factors of 20617846.
2, 2953, 3491
What are the prime factors of 718991?
7, 13, 7901
List the prime factors of 17532679.
761, 23039
What are the prime factors of 155634?
2, 3, 25939
List the prime factors of 598277.
131, 4567
What are the prime factors of 19228?
2, 11, 19, 23
List the prime factors of 1216876.
2, 109, 2791
List the prime factors of 3389080.
2, 5, 193, 439
What are the prime factors of 3609118?
2, 1804559
List the prime factors of 141930.
2, 3, 5, 19, 83
List the prime factors of 313427.
37, 43, 197
List the prime factors of 18833578.
2, 751, 12539
List the prime factors of 173405.
5, 79, 439
List the prime factors of 808309.
808309
List the prime factors of 12736931.
83, 153457
List the prime factors of 698783.
257, 2719
What are the prime factors of 951571?
951571
What are the prime factors of 5586641?
233, 23977
What are the prime factors of 2005938?
2, 3, 11, 307
What are the prime factors of 1090787?
509, 2143
What are the prime factors of 63859?
19, 3361
List the prime factors of 1053334.
2, 526667
List the prime factors of 2608548.
2, 3, 17, 19, 673
What are the prime factors of 37495914?
2, 3, 17, 43, 83, 103
List the prime factors of 33667890.
2, 3, 5, 1122263
List the prime factors of 1500420.
2, 3, 5, 17, 1471
List the prime factors of 441069.
3, 233, 631
List the prime factors of 12518002.
2, 7, 103, 8681
What are the prime factors of 18095970?
2, 3, 5, 73, 8263
What are the prime factors of 28188073?
28188073
List the prime factors of 3745558.
2, 43, 97, 449
What are the prime factors of 2869693?
2869693
List the prime factors of 2605528.
2, 325691
What are the prime factors of 12391082?
2, 11, 53, 10627
List the prime factors of 9571275.
3, 5, 7, 59, 103
What are the prime factors of 531409?
223, 2383
List the prime factors of 4884048.
2, 3, 13, 2609
List the prime factors of 181446.
2, 3, 30241
What are the prime factors of 117495?
3, 5, 7, 373
What are the prime factors of 25399166?
2, 13, 199, 4909
What are the prime factors of 372129?
3, 163, 761
What are the prime factors of 550641?
3, 7, 13, 2017
What are the prime factors of 533781?
3, 127, 467
List the prime factors of 218873.
218873
What are the prime factors of 2468544?
2, 3, 13, 23, 43
What are the prime factors of 2102850?
2, 3, 5, 4673
What are the prime factors of 8095992?
2, 3, 73, 4621
List the prime factors of 6238712.
2, 29, 26891
List the prime factors of 59152.
2, 3697
What are the prime factors of 2076847?
37, 56131
What are the prime factors of 2766093?
3, 11, 109, 769
List the prime factors of 123218.
2, 61609
List the prime factors of 101312.
2, 1583
List the prime factors of 75590.
2, 5, 7559
List the prime factors of 379972.
2, 94993
What are the prime factors of 6731271?
3, 747919
What are the prime factors of 306427?
11, 89, 313
What are the prime factors of 705966?
2, 3, 97, 1213
List the prime factors of 3251447.
3251447
List the prime factors of 11057025.
3, 5, 7, 21061
List the prime factors of 294240.
2, 3, 5, 613
List the prime factors of 336240.
2, 3, 5, 467
What are the prime factors of 347819?
109, 3191
List the prime factors of 681573.
3, 227191
What are the prime factors of 559323?
3, 29, 2143
What are the prime factors of 5669653?
11, 17, 30319
List the prime factors of 98817.
3, 32939
List the prime factors of 85171.
53, 1607
List the prime factors of 1229149.
1229149
What are the prime factors of 2969072?
2, 185567
What are the prime factors of 28958?
2, 14479
List the prime factors of 199265.
5, 11, 3623
List the prime factors of 2694402.
2, 3, 149689
List the prime factors of 193064.
2, 24133
What are the prime factors of 8707854?
2, 3, 79, 18371
List the prime factors of 461850.
2, 3, 5, 3079
List the prime factors of 2414286.
2, 3, 7, 2129
What are the prime factors of 9731160?
2, 3, 5, 27031
List the prime factors of 89291.
29, 3079
List the prime factors of 5673540.
2, 3, 5, 94559
What are the prime factors of 6991290?
2, 3, 5, 77681
What are the prime factors of 2455219?
13, 188863
What are the prime factors of 1028?
2, 257
What are the prime factors of 537956?
2, 134489
List the prime factors of 21587711.
47, 459313
List the prime factors of 466960.
2, 5, 13, 449
List the prime factors of 1686558.
2, 3, 181, 1553
List the prime factors of 2379180.
2, 3, 5, 19, 2087
List the prime factors of 230944.
2, 7, 1031
List the prime factors of 985019.
7, 140717
What are the prime factors of 74858?
2, 7, 5347
List the prime factors of 2004817.
2004817
What are the prime factors of 10112484?
2, 3, 17, 19, 2609
List the prime factors of 7452923.
7452923
List the prime factors of 19044041.
587, 32443
What are the prime factors of 51744?
2, 3, 7, 11
List the prime factors of 580880.
2, 5, 53, 137
List the prime factors of 610320.
2, 3, 5, 2543
List the prime factors of 6761.
6761
List the prime factors of 665457.
3, 13, 113, 151
List the prime factors of 3672367.
3672367
List the prime factors of 262683.
3, 23, 47
What are the prime factors of 3548081?
3548081
What are the prime factors of 2313751?
11, 17, 12373
What are the prime factors of 115028?
2, 149, 193
List the prime factors of 96.
2, 3
What are the prime factors of 43212?
2, 3, 13, 277
What are the prime factors of 796702?
2, 467, 853
List the prime factors of 407302.
2, 7, 47, 619
List the prime factors of 1640077.
1640077
List the prime factors of 464071.
23, 20177
List the prime factors of 1451663.
1451663
List the prime factors of 275415.
3, 5, 7, 43, 61
List the prime factors of 5560017.
3, 1853339
What are the prime factors of 2822246?
2, 7, 201589
What are the prime factors of 33434987?
109, 137, 2239
List the prime factors of 453064.
2, 56633
List the prime factors of 2946703.
601, 4903
What are the prime factors of 1870863?
3, 623621
List the prime factors of 70865.
5, 14173
List the prime factors of 5301737.
7, 239, 3169
What are the prime factors of 43941